What is the greatest common factor of 40 and r?
8
Let l be (-5)/(-3)*(-2 + 5). Suppose -122 - 193 = -l*j. Let o = j - 39. What is the highest common factor of o and 3?
3
Let t = 21 + -1. What is the greatest common divisor of 60 and t?
20
Let w(j) = -j**3 + 6*j**2 + 2*j + 2. Let n be w(6). Suppose -b - 499 = -4*f, 2*f - 152 = -b + 105. Calculate the highest common factor of n and f.
14
Let p be (-6)/8 + 190/40. Suppose -3*b + 3*d + 66 = 0, -2*b + 0*d + p*d = -36. What is the highest common factor of b and 13?
13
Let p = 2345 - 2053. What is the greatest common divisor of 4 and p?
4
Suppose 2*c - 16 = -2*c. Suppose 0 = -k - 4 + 1, c*k = t - 17. Suppose 34*j = 33*j + 25. What is the greatest common divisor of j and t?
5
Let o = 45 + -27. Let w(d) = 18*d**2 - d + 2. Let v be 40/22 - (-8)/44. Let c be w(v). What is the greatest common divisor of o and c?
18
Let v be -1 - (13/39)/(1/591). Let z = -114 - v. Calculate the highest common factor of 12 and z.
12
Let p(b) be the second derivative of b**4/12 + 5*b**3/3 - 3*b**2 + 15*b. Let r be p(-13). Calculate the greatest common divisor of 44 and r.
11
Suppose 118748*s - 39 = 118731*s + 352. Let z be 1/(1*(-1)/(-23)). What is the highest common factor of z and s?
23
Let k be 1*(2 - 5)/(-3). Let j be k/(-2) + 15/10. Let g(t) = 2*t**3 - 3*t**2 + 4*t - 3. Let p be g(2). Calculate the greatest common divisor of p and j.
1
Let v be ((-350)/(-420))/((-1)/(-6)). Let a be (-86)/(-8) + 3/(-4). What is the highest common divisor of a and v?
5
Suppose -4*b - 8487 = -45*b. What is the highest common factor of b and 46?
23
Let w be (-2)/((-1)/(-60)*-3). Calculate the greatest common factor of w and 340.
20
Let c(q) = q**2 - 18*q - 15. Let j be c(19). Let f = -9 + 15. Calculate the greatest common factor of f and j.
2
Let f be (-1550)/((-2 + 6 + -2)/(-1)). Calculate the highest common divisor of 25 and f.
25
Let w be (5 - 7)*14/(-4) - -1. What is the highest common factor of w and 28?
4
Suppose 0 = 4*a + 4*b - 256, 0 = -a + 3*a + b - 124. Suppose 0 = 5*h - 3*h - a. Let r = -13 + 19. Calculate the highest common divisor of r and h.
6
Let q = -975 + 1002. Calculate the highest common factor of 1323 and q.
27
Suppose 2 = -4*g + 58. Calculate the greatest common divisor of 574 and g.
14
Let y(t) be the first derivative of -2 + 3*t - 1/3*t**3 - 5/2*t**2. Let k be y(-5). What is the greatest common factor of k and 1?
1
Suppose 8*s = -10*s + 342. What is the highest common divisor of s and 931?
19
Let u = -188 + 212. Let x(v) be the second derivative of -v**5/10 + v**4/6 - v**2/2 - 3*v. Let k be x(-1). What is the highest common factor of u and k?
3
Let z(u) = 27*u - 72. Let q be z(4). Calculate the highest common factor of q and 1152.
36
Let b(u) = 3*u + 33. Let f be b(19). Let k be (-2)/7 + 40/(-7). Let a be ((-8)/k)/(5/f). Calculate the greatest common factor of 60 and a.
12
Suppose -39*y + 36*y + 60 = 0. Suppose -2*s + 4*a + 20 = -0, -3*s = -3*a - 45. Calculate the greatest common divisor of y and s.
20
Suppose -32*v + 12*v + 14300 = 0. Calculate the greatest common factor of v and 52.
13
Let r(h) = h**3 + 6*h**2 + h + 7. Let o = -3 - -18. Suppose -30 = 4*c - 2*a, 3*c + 0*c + a = -o. Let u be r(c). What is the highest common factor of u and 2?
1
Let z(x) = -x**2 - 9*x - 20. Let f be z(-5). Suppose -3*y - 41 = -4*v, -5*v + 3*y + 0*y + 52 = f. What is the greatest common divisor of v and 99?
11
Suppose 42*n + 110 = 1370. What is the highest common factor of n and 9?
3
Suppose 5*c + 10 = 80. Let m = -722 + 1185. Suppose -3*l - 306 = -2*x - l, l = -3*x + m. Calculate the highest common divisor of c and x.
14
Let o be ((-8954)/37)/(((-4)/(-23))/(-2)). Calculate the highest common factor of 23 and o.
23
Let k be (-1*(-524)/10)/((-13)/(-1040)). What is the greatest common factor of k and 131?
131
Let b(x) = -x**3 + 9*x**2 + 10*x - 20. Let z be b(5). What is the greatest common factor of 170 and z?
10
Let w = -1 - -25. Suppose -19*o - 175 = -w*o. Let l(u) = u**3 + 17*u**2 + 17*u + 21. Let q be l(-16). Calculate the highest common factor of o and q.
5
Let g(p) = 58*p + 2. Let h be g(4). Suppose -3243 = 37*z - 3909. What is the highest common factor of h and z?
18
Let v(p) = -p**2 + 17*p + 2. Let i be v(16). Let d be 204/(-28) + (-4)/(-14). Let l = i - d. What is the greatest common factor of 100 and l?
25
Let s = 1091 - 1007. Calculate the greatest common factor of s and 60.
12
Suppose 9 = 3*l - 6*l. Let q be (l + 2)/(5/(-35)). Suppose 3*z - q*z + 92 = 0. What is the highest common factor of 161 and z?
23
Let v = 902 - 244. What is the greatest common divisor of 282 and v?
94
Let q(f) = f**3 + 7*f**2 - 6*f - 10. Suppose 3*w + 12 = -9. Let s be q(w). Let a be -18*(80/15)/(-2). Calculate the highest common factor of s and a.
16
Let s(u) = 90*u - 9. Let c be s(6). Let m = c - 299. Calculate the highest common divisor of 29 and m.
29
Let z = -519 + 533. Calculate the highest common divisor of z and 70.
14
Suppose 0 = -w + 395 - 377. Let d(t) = -72*t. Let m be d(-1). What is the highest common divisor of w and m?
18
Let t be 4 - (-16)/(-9) - 8/36. Suppose -t*a + 70 = -2*x, 5*a - x - 169 + 2 = 0. Calculate the highest common divisor of a and 264.
33
Let j = -583 + 851. What is the greatest common factor of j and 134?
134
Let t be (-6)/(-4) - -14*(-3)/(-12). Let y be -25*(3 + (-2 - 2)). What is the highest common divisor of t and y?
5
Let c(x) = -x**3 + 6*x**2 - 3*x - 3. Let f be c(4). Suppose 4*y + 9 = 25. Suppose 4*a - 66 = -2*n, -3*n - y = n. What is the highest common divisor of f and a?
17
Suppose 5*t = 5*b + 105, 6*b - 2*b = -4*t + 84. Let n = 4 - 4. Suppose h = -n*h + 3. What is the highest common divisor of h and t?
3
Suppose -3*j - 6*g = -2*g - 158, -2*g + 148 = 3*j. Calculate the greatest common factor of 46 and j.
46
Let h = -571 + 601. Calculate the greatest common divisor of 1290 and h.
30
Suppose -3*m - 3*z + 3 = -9, 0 = 2*m - 3*z - 13. Suppose 4*s - m*q - 72 = 0, q - 18 = -s + 4*q. Calculate the highest common factor of s and 45.
9
Let m(u) = -u - 1. Let g be m(-5). Suppose g = 3*i - 17. Suppose -3*w + 5*s + 14 = 0, w + 3*s - i = 7. Calculate the highest common divisor of 32 and w.
8
Suppose 3*l - 75 = -2*l. Suppose 50*p + 3143 - 9893 = 0. What is the greatest common factor of l and p?
15
Let m(d) = d**3 + 11*d**2 + 11*d + 15. Let g(s) = 2*s + 9. Let q be g(-8). Let p = q + -3. Let w be m(p). Calculate the greatest common divisor of w and 40.
5
Let z = -5 - -14. Let o(g) = -g**3 - 6*g**2 + 6*g + 1. Let i be o(-5). Let h be (-120)/16*i/5. What is the highest common divisor of h and z?
9
Let d = -49 - -86. Let u = 63 - d. What is the greatest common factor of 39 and u?
13
Suppose 288 = -23*c + 35*c. Calculate the greatest common factor of c and 16.
8
Let t be (4 + 36)/(-5) - -35. What is the greatest common divisor of t and 117?
9
Let r(g) = 27*g - 268. Let c be r(26). Calculate the greatest common factor of 62 and c.
62
Let i(f) = -2*f + 0*f + f + 16*f**2 + 2*f - 1. Let k be i(1). Calculate the greatest common divisor of 64 and k.
16
Suppose 19*m = 27*m - 1632. Calculate the highest common divisor of m and 255.
51
Let k = 2 - -2. Suppose k*b = 2*b + 88. Let y be (13 - (-372)/(-24))*(-88)/10. What is the highest common factor of y and b?
22
Suppose -29*l = -1337 - 1012. What is the highest common factor of l and 36?
9
Let d = 15 + -7. Let y = -36 + 39. Suppose -p + 44 = 3*v, y*v + 292 = 5*p - 0*v. What is the highest common divisor of d and p?
8
Let o be (3 + -69 - 4)*2/(-5). What is the highest common divisor of 308 and o?
28
Suppose 8*g - 12*g + 40 = 0. Let a(i) = 6*i - 200. Let j be a(34). Calculate the greatest common factor of j and g.
2
Let w(p) = 6*p + 8. Let k be w(-3). Let z(a) = -28*a - 30. Let y be z(k). What is the highest common divisor of 50 and y?
50
Suppose -3*y = -3*p + 726, 2*p - 734 = -p + 5*y. What is the greatest common divisor of p and 14?
14
Suppose z = 3*a - 4, a - 4*z + 8 = z. Suppose 0 = 5*h - 3*w - 75, 2*h + 3*w = -a*h + 60. What is the greatest common factor of 60 and h?
15
Suppose 0 = 4*h - 18 - 2. Suppose -r - r = h*n - 2, -4*n + 1 = r. Suppose 4*g - 88 - 116 = n. What is the greatest common divisor of g and 17?
17
Suppose -3*x - 12 = 0, 0 = 4*f - 3*x - 1096 - 1516. Calculate the highest